+ 166. Calculate the remainder when z is divided by 14.
12
Suppose -12*h + 9267 = 927. Suppose 9*t = h + 97. What is the remainder when t is divided by 9?
7
Let a(l) = l**3 - 20*l**2 - 423*l + 39. Calculate the remainder when a(-12) is divided by 143.
78
What is the remainder when (-26)/195*-30*32 is divided by 35?
23
Let a = 26350 - 26330. What is the remainder when 36978 is divided by a?
18
Let s be (4/(-10) - 0)/((-1)/25). Let n(y) = -2*y**2 + 20*y + 22. Calculate the remainder when 85 is divided by n(s).
19
Suppose -2*o - o = 4*t - 161, -3*o = 3*t - 120. What is the remainder when 733 is divided by t?
36
Let z be 3 + 21/(-9) + 31/3. Suppose 12*c = z*c + 2. Suppose -4*f = 2*w - 28, -3*w + c*f + 77 = f. Calculate the remainder when 70 is divided by w.
22
Let r = -753 + 1057. Suppose -101 = -27*f + r. What is the remainder when 73 is divided by f?
13
Suppose m - 3*p = -0*p + 513, -3*m = -p - 1507. Let g(c) = -c**3 + 36*c**2 + 80*c - 138. Calculate the remainder when m is divided by g(38).
11
Let t(u) = -u**2 - 3*u + 12. Let n be t(-5). Suppose 4*d = -n*d + 540. What is the remainder when d is divided by (2 + -3)/((-2)/62)?
28
Suppose 0*s = -s - 5*n + 403, -n + 387 = s. Calculate the remainder when s is divided by 81.
59
Suppose 2*b - 4*l = 446, 3*b + 5*l - 466 = 148. Let z = -35 + -105. Let k = z + b. Calculate the remainder when k is divided by 19.
16
Suppose -y + 177 + 16 = -2*g, 3*y = -3*g + 561. Calculate the remainder when y is divided by 21.
0
Suppose -s + 30 = y, 0 = -8*s - 4*y + 497 - 217. Calculate the remainder when 1/1*47/1 is divided by s.
7
Let g = -10 - -8. Let j(i) = 3 + 220*i - 225*i - 5. Calculate the remainder when 39 is divided by j(g).
7
Suppose -14*g - 17*g + 310 = 0. What is the remainder when 271 is divided by 174/10 - (g - (-336)/(-35))?
16
Let y = 2135 - 2118. What is the remainder when 1322 is divided by y?
13
Let x = 7 + -50. Let i = x + 92. Calculate the remainder when i is divided by 9.
4
Let t be -1*(-14)/2 + (12 - 17). Calculate the remainder when -23*15/(-10)*t - 2 is divided by 23.
21
Suppose 3*i - 2426 = -4*z, -5*z + i + 1729 + 1313 = 0. Calculate the remainder when z is divided by 39.
23
Suppose -43 = 11*k + 34. Let c be (2/(-4))/(1/(-58)). Let t = k + c. Calculate the remainder when t is divided by 8.
6
What is the remainder when 6 + 82/16 + -11 + (-67959)/(-8) is divided by 36?
35
Let a = -111 + 382. Suppose -62 = 11*q - a. What is the remainder when 69 is divided by q?
12
Let m = -52 + 78. Let w be (-175)/35*46/(-10). Suppose 132 = m*d - w*d. What is the remainder when 85 is divided by d?
41
Let n = -26 + 24. Suppose 5*q + 1 = 16, 0 = 5*i + 2*q - 81. Calculate the remainder when (-80)/n - (-3)/1 is divided by i.
13
Let f(l) = 4*l - 16. Let u(z) = 505*z + 4097. Calculate the remainder when u(-8) is divided by f(12).
25
Suppose -23*a - 18*a = 10*a - 1428. Calculate the remainder when 3778 is divided by a.
26
Suppose 155 = -17*q - 27*q + 771. Calculate the remainder when 4646 is divided by q.
12
Let o(b) = 2*b + 8 - 8*b - 4*b + 4. Calculate the remainder when o(-6) is divided by (-1 + -5)*9/(432/(-296)).
35
Let y = 306 - 235. Calculate the remainder when 6174 is divided by y.
68
Suppose -207 + 1677 = 105*g. Calculate the remainder when 1678 is divided by g.
12
Let q(v) = -v**2 - 11*v - 2. Let w(z) = -z**3 - z**2 + 6*z - 3. Let n be w(4). Let h = -67 - n. What is the remainder when 61 is divided by q(h)?
17
Suppose -4*s = -9*s. Suppose s = -3*w + 11*w - 664. What is the remainder when w is divided by 4?
3
Suppose 21 = 156*n - 159*n. What is the remainder when (-3 - n)*(3 - (-31 + 2)) is divided by 43?
42
Suppose -4*d + 214*n - 210*n + 184 = 0, -5 = -n. Calculate the remainder when d is divided by 23.
5
Let i = 37 - 35. Let y be (i - 0/4) + 0. Suppose 0 = -5*l - y*n + 61 + 8, 3*n + 9 = 0. What is the remainder when l is divided by 6?
3
Let f = 2055 - 2015. What is the remainder when 164 is divided by f?
4
Suppose -3*z = -20 - 13. Let c be 4/(-22) + 12990/55. Let t = c - 140. Calculate the remainder when t is divided by z.
8
Suppose 4*m + 4*z = 160, 130*z = m + 129*z - 48. Calculate the remainder when 391 is divided by m.
39
Suppose 39*z + 109*z - 301 - 735 = 0. What is the remainder when 429 is divided by z?
2
Let r(b) = -b**3 + 13*b + 9. Let q be r(-4). Suppose -3*l - 5*y + 51 = 0, -4*l + l + 5*y = -q. What is the remainder when 80 is divided by l?
8
Let t(u) = 4*u - 13*u - 17 - 7 + u**2. Let w be t(11). Calculate the remainder when 492/15 - -1*w/(-10) is divided by 17.
16
Let y = -8866 + 8901. Calculate the remainder when 4969 is divided by y.
34
Let d = 99 - 75. Suppose 1174*q + 2320 = 1194*q. Calculate the remainder when q is divided by d.
20
Let v(q) = q**3 + 22*q**2 - 140*q - 118. What is the remainder when 5079 is divided by v(-27)?
13
Suppose 0 = -167*c + 185*c - 180. Calculate the remainder when 1405 is divided by c.
5
Calculate the remainder when 65 is divided by (3/(-7))/(192/(-1792)).
1
Suppose 3*u = -2*y + 64, 0 = 2*u + y - 44 - 0. What is the remainder when 95 is divided by u?
23
Let i(m) = -10*m - 284. Let o(g) = -5*g - 95. Let n(k) = -3*i(k) + 8*o(k). What is the remainder when 63 is divided by n(7)?
19
Suppose 4*t - 21*t + 378 + 1220 = 0. Calculate the remainder when 2067 is divided by t.
93
Let v = 51 + -27. Let t(j) = -j**3 + 5*j**2 + 3*j - 6. Let g be t(6). Let i(d) = -4*d**2 - 98*d - 3. Calculate the remainder when i(g) is divided by v.
21
Suppose 3978 - 164 = 12*h - 1562. What is the remainder when h is divided by 31?
14
Let i(c) = c**3 - c**2 - 9*c + 11. Let n be i(-3). Suppose -4*z = 2*d - 294, z = -n*z + 2*d + 217. What is the remainder when z is divided by 35?
3
Suppose -615*n = -599*n - 864. Calculate the remainder when n is divided by 15.
9
Let y(h) = -1688*h**3 - 3*h**2 - 2*h + 3. Calculate the remainder when y(-1) is divided by 188.
186
Suppose -28*k - 1808 = -36*k. Suppose -3*s + 570 = -4*m, -s + m = -k + 37. What is the remainder when s is divided by 4?
2
Suppose 2*t = 14*t - 4896. Let v = t - 405. What is the remainder when 42 is divided by v?
0
Let t(z) be the second derivative of -z**4/12 - 3*z**3/2 + 19*z**2 + 14*z - 1. What is the remainder when t(-8) is divided by 10?
6
Let c be (-25 - 15)/(1 - 3). Suppose -2*v - c = -4*v. Calculate the remainder when ((-1)/(-1))/(3/57) is divided by v.
9
Suppose 0 = -f + x - 5, -5*f - 4*x + 2 = -0*x. Suppose -445*u - 8358 = 425*u - 22672 - 20486. What is the remainder when u is divided by -11*(-1)/(-2)*f?
7
Suppose -32*y + 44*y - 170*y + 30968 = 0. Let r = 12 - -8. What is the remainder when y is divided by r?
16
What is the remainder when (1578/(-16))/((-30)/240) is divided by 24?
21
Let m(x) = x**3 + 12*x**2 - 50*x - 171. What is the remainder when m(-10) is divided by 89?
84
Let q = 75878 + -75852. Let l(a) = -4*a - 6. Let x be l(-4). Calculate the remainder when q is divided by x/(-6)*(-9)/1.
11
Suppose 4*g = 210 + 86. Let i(h) = -2*h**2 + 14*h + 3. Calculate the remainder when g is divided by i(6).
14
Suppose 3 = -q - 70. Calculate the remainder when (-1 + q)*(0 - 1) is divided by -35 + 59 + (-2 - 0 - 3).
17
Suppose -4*q - 12 = 0, 0 = -0*h - h + 2*q + 63. Suppose 0 = 4*x + 4*g - 428, -x + 2*g + g + 95 = 0. Calculate the remainder when x is divided by h.
47
Suppose 306*d + 5685 = 321*d. What is the remainder when d is divided by 24?
19
Suppose -8*y = 468 + 380. Let s = y - -120. Suppose -5*a - s = -6*a. What is the remainder when 179 is divided by a?
11
Let a(j) = j + 4. Let p be a(-5). Let y = 354 - 322. What is the remainder when y is divided by p/((-6)/15)*4?
2
Suppose -37*p + 13 = -24*p. Let q(o) = -o**3 - 9*o**2 - 7*o + 10. Suppose 6*c + 50 = -5*g + c, -5*g + 2*c = 36. What is the remainder when q(g) is divided by p?
0
Let c(z) = z - 13. Let v be c(12). Let a(b) = -18*b. Let q be a(v). Calculate the remainder when 32/144 - (-608)/q is divided by 19.
15
Let z(r) = r**2 + 120*r - 2162. Calculate the remainder when 2462 is divided by z(16).
12
Let c(p) = p**2 - 15. Let l be c(-5). Let h be (28/l)/(-7 + 111/15). What is the remainder when h*98/10 - 9/15 is divided by 18?
14
Suppose g - 2*g = -76. Calculate the remainder when (854/10 - -5)/((-66)/(-165)) is divided by g.
74
Let h = 446 - 318. Let f(r) = 5*r**3 - r**2. Let j be f(